{"id":68,"date":"2020-10-11T20:46:15","date_gmt":"2020-10-11T18:46:15","guid":{"rendered":"http:\/\/bee-bavarian.de\/?page_id=68"},"modified":"2020-10-12T21:31:38","modified_gmt":"2020-10-12T19:31:38","slug":"kooperationen","status":"publish","type":"page","link":"https:\/\/bee-bavarian.de\/?page_id=68","title":{"rendered":"Kooperationen"},"content":{"rendered":"\n<ul><li>Solltet Ihr gerne mal hinter die Kulissen und dementsprechend in ein Bienenvolk blicken wollen, sprecht mich gerne darauf an. M\u00f6glich ist das w\u00e4hrend des Bienenjahres von ungef\u00e4hr M\u00e4rz bis Oktober.<\/li><li>Seid ihr wie ich (Jung-)Imker und h\u00e4ttet gerne meine Meinung zu einem bestimmten Thema Eurer Bienen, k\u00f6nnt Ihr mich gerne kontaktieren. Gerne werfe ich auch mit Euch zusammen einen Blick in Eure Bienenv\u00f6lker oder Ihr in meine.<\/li><li>Ich bilde regelm\u00e4\u00dfig w\u00e4hrend des Bienenjahres Ableger, Jungv\u00f6lker und Kunstschw\u00e4rme. Solltet Ihr Bedarf haben, fragt mich einfach an, ob etwas verf\u00fcgbar ist. Zudem schaffe ich immer wieder von meinen friedlichsten, st\u00e4rksten und ertragreichsten V\u00f6lkern K\u00f6niginnen nach. Auch hier k\u00f6nnt Ihr Euch gerne bei Bedarf melden.<\/li><li>Im Falle, dass Euch im M\u00fcnchner Osten w\u00e4hrend der Schwarmzeit (ungef\u00e4hr Mai \/ Juni) ein Bienenschwarm zufliegen sollte und sich dieser an einer einigerma\u00dfen zug\u00e4nglichen Stelle befindet, hole ich das Bienenvolk gerne ab. Ihr k\u00f6nnt nat\u00fcrlich hautnah dabei sein und die spannende Arbeit des Einfangens live miterleben. Im Gegenzug erhaltet Ihr selbstverst\u00e4ndlich auch ein Glaserl Honig.<\/li><li>Wenn Ihr das was ich mache gut findet und Euch finanziell an der Erhaltung der Honigbienen beteiligen wollt, k\u00f6nnt Ihr gerne unter folgendem Link eine Spende entrichten: <a href=\"http:\/\/paypal.me\/Beebavarian\" target=\"_blank\" rel=\"noreferrer noopener\">paypal.me\/Beebavarian<\/a> (Spendenquittungen kann ich leider keine ausstellen).<\/li><\/ul>\n","protected":false},"excerpt":{"rendered":"<p>Solltet Ihr gerne mal hinter die Kulissen und dementsprechend in ein Bienenvolk blicken wollen, sprecht mich gerne darauf an. M\u00f6glich ist das w\u00e4hrend des Bienenjahres von ungef\u00e4hr M\u00e4rz bis Oktober. Seid ihr wie ich (Jung-)Imker und h\u00e4ttet gerne meine Meinung zu einem bestimmten Thema Eurer Bienen, k\u00f6nnt Ihr mich gerne kontaktieren. Gerne werfe ich auch [&hellip;]<\/p>\n","protected":false},"author":1,"featured_media":0,"parent":0,"menu_order":0,"comment_status":"closed","ping_status":"closed","template":"","meta":[],"_links":{"self":[{"href":"https:\/\/bee-bavarian.de\/index.php?rest_route=\/wp\/v2\/pages\/68"}],"collection":[{"href":"https:\/\/bee-bavarian.de\/index.php?rest_route=\/wp\/v2\/pages"}],"about":[{"href":"https:\/\/bee-bavarian.de\/index.php?rest_route=\/wp\/v2\/types\/page"}],"author":[{"embeddable":true,"href":"https:\/\/bee-bavarian.de\/index.php?rest_route=\/wp\/v2\/users\/1"}],"replies":[{"embeddable":true,"href":"https:\/\/bee-bavarian.de\/index.php?rest_route=%2Fwp%2Fv2%2Fcomments&post=68"}],"version-history":[{"count":8,"href":"https:\/\/bee-bavarian.de\/index.php?rest_route=\/wp\/v2\/pages\/68\/revisions"}],"predecessor-version":[{"id":92,"href":"https:\/\/bee-bavarian.de\/index.php?rest_route=\/wp\/v2\/pages\/68\/revisions\/92"}],"wp:attachment":[{"href":"https:\/\/bee-bavarian.de\/index.php?rest_route=%2Fwp%2Fv2%2Fmedia&parent=68"}],"curies":[{"name":"wp","href":"https:\/\/api.w.org\/{rel}","templated":true}]}}