{"id":184,"date":"2022-04-05T12:00:39","date_gmt":"2022-04-05T10:00:39","guid":{"rendered":"https:\/\/bee-bavarian.de\/?page_id=184"},"modified":"2022-04-05T12:06:14","modified_gmt":"2022-04-05T10:06:14","slug":"bienenstand-nakibo","status":"publish","type":"page","link":"https:\/\/bee-bavarian.de\/?page_id=184","title":{"rendered":"NaKiBo-Bienenstand"},"content":{"rendered":"\n<figure class=\"wp-block-image size-large\"><img loading=\"lazy\" width=\"1024\" height=\"576\" src=\"http:\/\/bee-bavarian.de\/wp-content\/uploads\/2022\/04\/wp-16490832583403322858214450594131-1024x576.jpg\" alt=\"Bienenstand am NaKiBo\" class=\"wp-image-175\" srcset=\"https:\/\/bee-bavarian.de\/wp-content\/uploads\/2022\/04\/wp-16490832583403322858214450594131-1024x576.jpg 1024w, https:\/\/bee-bavarian.de\/wp-content\/uploads\/2022\/04\/wp-16490832583403322858214450594131-300x169.jpg 300w, https:\/\/bee-bavarian.de\/wp-content\/uploads\/2022\/04\/wp-16490832583403322858214450594131-768x432.jpg 768w, https:\/\/bee-bavarian.de\/wp-content\/uploads\/2022\/04\/wp-16490832583403322858214450594131-676x380.jpg 676w, https:\/\/bee-bavarian.de\/wp-content\/uploads\/2022\/04\/wp-16490832583403322858214450594131.jpg 1280w\" sizes=\"(max-width: 1024px) 100vw, 1024px\" \/><figcaption>kurz nach der Errichtung des Standes am 2.4.22<\/figcaption><\/figure>\n\n\n\n<p>Zun\u00e4chst herzlich willkommen! Sch\u00f6n, dass ihr Interesse an den Bienen habt!<\/p>\n\n\n\n<p>Im Rahmen eines sozialen und \u00f6kologischen Projekts, im Naturkindergarten soll voraussichtlich im Mai hier auf dem Gel\u00e4nde des Naturkindergartens ein Bienenvolk angesiedelt werden. Dies soll den Kindern und Betreuern die kontinuierliche Begleitung und Beobachtung der Tiere \u00fcber das Jahr erm\u00f6glichen.<\/p>\n\n\n\n<p>Ein Bienenvolk setzt sich aus einer K\u00f6nigin und im Sommer je bis zu 50.000 Arbeiterinnen zusammen. Ein paar tausend Drohnen, die Bienenm\u00e4nner, sind dann auch noch dabei. Die M\u00e4nner k\u00f6nnen im \u00dcbrigen nicht stechen und \u00fcbernehmen im Bienenstock keine Arbeit. Sie dienen im Sommer nur dazu, sich mit fremden unbegatteten K\u00f6niginnen im Umkreis von ein paar Kilometern zu treffen und diese zu begatten. Nach Weitergabe des Erbgutes sterben die Drohnen.<\/p>\n\n\n\n<p>Die Arbeiterinnen sind f\u00fcr alle anderen T\u00e4tigkeiten zust\u00e4ndig, abgesehen vom Eier legen. Dies erledigt die K\u00f6nigin. Zu den Aufgaben der Arbeiterinnen geh\u00f6ren im Laufe ihres ca. 6-w\u00f6chigen Lebens im Sommer z.B. Brutpflege, Futterein- bzw. Umlagerung, die Verteidigung des Volkes und sp\u00e4ter nat\u00fcrlich noch das Sammeln von Nektar, Pollen und Wasser.<\/p>\n\n\n\n<p>An diesem Bienenstand ist das Flugl\u00f6cher Richtung Osten, also zum Zaun der Biotopfl\u00e4che ausgerichtet. Grunds\u00e4tzlich m\u00f6gen die Bienen am liebsten die Ausrichtung in s\u00fcdliche und \u00f6stliche Richtungen, hier wird dadurch zudem vermieden, dass viele Bienen Richtung der Kinderspielbereiche fliegen und es dadurch zu Kollisionen kommt. Diese Kollisionen sind in der Regel harmlos, Bienen stechen nur, wenn sie sich in gro\u00dfer Gefahr befinden. Sollte also eine Biene auf euch landen, ist es deutlich wahrscheinlicher, dass ihr von der Biene mit einer Blume verwechselt als dass ihr angegriffen werdet.<\/p>\n\n\n\n<p>Trotzdem sollten die Beobachtungen am besten seitlich erfolgen, also ungef\u00e4hr au\u00dferhalb des Bereichs zwischen Beute (Bienenkiste) und dem gr\u00fcnen Hundepoller. Dabei k\u00f6nnt ihr an warmen Tagen einiges beobachten: Viele Bienen kommen mit unterschiedlich farbigen &#8222;Pollenh\u00f6schen&#8220; zur\u00fcck. Das Farbspektrum reicht von wei\u00df \u00fcber gelb, orange bis blau und lila. Die Farbe der Pollen l\u00e4sst R\u00fcckschl\u00fcsse auf die Herkunft zu. Und je nach Tageszeit und Temperatur ist der Flugbetrieb mehr oder weniger. Vor einem Gewitter werden mehr Bienen zur\u00fcck kommen, als ausfliegen. Man kann also ein Bienenvolk sogar als Wetterstation nutzen.<\/p>\n\n\n\n<p>Hier der Link zum Naturkindergarten Bogenhausen: <a rel=\"noreferrer noopener\" href=\"https:\/\/www.naturkindergarten-bogenhausen.de\/\" target=\"_blank\">https:\/\/www.naturkindergarten-bogenhausen.de\/<\/a><\/p>\n","protected":false},"excerpt":{"rendered":"<p>Zun\u00e4chst herzlich willkommen! Sch\u00f6n, dass ihr Interesse an den Bienen habt! Im Rahmen eines sozialen und \u00f6kologischen Projekts, im Naturkindergarten soll voraussichtlich im Mai hier auf dem Gel\u00e4nde des Naturkindergartens ein Bienenvolk angesiedelt werden. Dies soll den Kindern und Betreuern die kontinuierliche Begleitung und Beobachtung der Tiere \u00fcber das Jahr erm\u00f6glichen. Ein Bienenvolk setzt sich [&hellip;]<\/p>\n","protected":false},"author":1,"featured_media":0,"parent":0,"menu_order":0,"comment_status":"open","ping_status":"closed","template":"","meta":[],"_links":{"self":[{"href":"https:\/\/bee-bavarian.de\/index.php?rest_route=\/wp\/v2\/pages\/184"}],"collection":[{"href":"https:\/\/bee-bavarian.de\/index.php?rest_route=\/wp\/v2\/pages"}],"about":[{"href":"https:\/\/bee-bavarian.de\/index.php?rest_route=\/wp\/v2\/types\/page"}],"author":[{"embeddable":true,"href":"https:\/\/bee-bavarian.de\/index.php?rest_route=\/wp\/v2\/users\/1"}],"replies":[{"embeddable":true,"href":"https:\/\/bee-bavarian.de\/index.php?rest_route=%2Fwp%2Fv2%2Fcomments&post=184"}],"version-history":[{"count":4,"href":"https:\/\/bee-bavarian.de\/index.php?rest_route=\/wp\/v2\/pages\/184\/revisions"}],"predecessor-version":[{"id":190,"href":"https:\/\/bee-bavarian.de\/index.php?rest_route=\/wp\/v2\/pages\/184\/revisions\/190"}],"wp:attachment":[{"href":"https:\/\/bee-bavarian.de\/index.php?rest_route=%2Fwp%2Fv2%2Fmedia&parent=184"}],"curies":[{"name":"wp","href":"https:\/\/api.w.org\/{rel}","templated":true}]}}

<figure class="wp-block-image size-large"><img loading="lazy" width="1024" height="576" src="http://bee-bavarian.de/wp-content/uploads/2022/04/wp-16490832583403322858214450594131-1024x576.jpg" alt="Bienenstand am NaKiBo" class="wp-image-175" srcset="https://bee-bavarian.de/wp-content/uploads/2022/04/wp-16490832583403322858214450594131-1024x576.jpg 1024w, https://bee-bavarian.de/wp-content/uploads/2022/04/wp-16490832583403322858214450594131-300x169.jpg 300w, https://bee-bavarian.de/wp-content/uploads/2022/04/wp-16490832583403322858214450594131-768x432.jpg 768w, https://bee-bavarian.de/wp-content/uploads/2022/04/wp-16490832583403322858214450594131-676x380.jpg 676w, https://bee-bavarian.de/wp-content/uploads/2022/04/wp-16490832583403322858214450594131.jpg 1280w" sizes="(max-width: 1024px) 100vw, 1024px" /><figcaption>kurz nach der Errichtung des Standes am 2.4.22</figcaption></figure>



<p>Zunächst herzlich willkommen! Schön, dass ihr Interesse an den Bienen habt!</p>



<p>Im Rahmen eines sozialen und ökologischen Projekts, im Naturkindergarten soll voraussichtlich im Mai hier auf dem Gelände des Naturkindergartens ein Bienenvolk angesiedelt werden. Dies soll den Kindern und Betreuern die kontinuierliche Begleitung und Beobachtung der Tiere über das Jahr ermöglichen.</p>



<p>Ein Bienenvolk setzt sich aus einer Königin und im Sommer je bis zu 50.000 Arbeiterinnen zusammen. Ein paar tausend Drohnen, die Bienenmänner, sind dann auch noch dabei. Die Männer können im Übrigen nicht stechen und übernehmen im Bienenstock keine Arbeit. Sie dienen im Sommer nur dazu, sich mit fremden unbegatteten Königinnen im Umkreis von ein paar Kilometern zu treffen und diese zu begatten. Nach Weitergabe des Erbgutes sterben die Drohnen.</p>



<p>Die Arbeiterinnen sind für alle anderen Tätigkeiten zuständig, abgesehen vom Eier legen. Dies erledigt die Königin. Zu den Aufgaben der Arbeiterinnen gehören im Laufe ihres ca. 6-wöchigen Lebens im Sommer z.B. Brutpflege, Futterein- bzw. Umlagerung, die Verteidigung des Volkes und später natürlich noch das Sammeln von Nektar, Pollen und Wasser.</p>



<p>An diesem Bienenstand ist das Fluglöcher Richtung Osten, also zum Zaun der Biotopfläche ausgerichtet. Grundsätzlich mögen die Bienen am liebsten die Ausrichtung in südliche und östliche Richtungen, hier wird dadurch zudem vermieden, dass viele Bienen Richtung der Kinderspielbereiche fliegen und es dadurch zu Kollisionen kommt. Diese Kollisionen sind in der Regel harmlos, Bienen stechen nur, wenn sie sich in großer Gefahr befinden. Sollte also eine Biene auf euch landen, ist es deutlich wahrscheinlicher, dass ihr von der Biene mit einer Blume verwechselt als dass ihr angegriffen werdet.</p>



<p>Trotzdem sollten die Beobachtungen am besten seitlich erfolgen, also ungefähr außerhalb des Bereichs zwischen Beute (Bienenkiste) und dem grünen Hundepoller. Dabei könnt ihr an warmen Tagen einiges beobachten: Viele Bienen kommen mit unterschiedlich farbigen &#8222;Pollenhöschen&#8220; zurück. Das Farbspektrum reicht von weiß über gelb, orange bis blau und lila. Die Farbe der Pollen lässt Rückschlüsse auf die Herkunft zu. Und je nach Tageszeit und Temperatur ist der Flugbetrieb mehr oder weniger. Vor einem Gewitter werden mehr Bienen zurück kommen, als ausfliegen. Man kann also ein Bienenvolk sogar als Wetterstation nutzen.</p>



<p>Hier der Link zum Naturkindergarten Bogenhausen: <a rel="noreferrer noopener" href="https://www.naturkindergarten-bogenhausen.de/" target="_blank">https://www.naturkindergarten-bogenhausen.de/</a></p>

<p>Zunächst herzlich willkommen! Schön, dass ihr Interesse an den Bienen habt! Im Rahmen eines sozialen und ökologischen Projekts, im Naturkindergarten soll voraussichtlich im Mai hier auf dem Gelände des Naturkindergartens ein Bienenvolk angesiedelt werden. Dies soll den Kindern und Betreuern die kontinuierliche Begleitung und Beobachtung der Tiere über das Jahr ermöglichen. Ein Bienenvolk setzt sich [&hellip;]</p>
