{"id":12,"date":"2019-07-19T12:56:00","date_gmt":"2019-07-19T12:56:00","guid":{"rendered":"http:\/\/bee-bavarian.de\/?page_id=12"},"modified":"2020-09-26T21:06:35","modified_gmt":"2020-09-26T19:06:35","slug":"ueber-mich","status":"publish","type":"page","link":"https:\/\/bee-bavarian.de\/?page_id=12","title":{"rendered":"\u00fcber mich"},"content":{"rendered":"\n<p>oder wie alles begann:<\/p>\n\n\n\n<ul><li>Begonnen hat alles damit, dass es mir im Fr\u00fchjahr 2019 nicht gen\u00fcgt hat, bei Volksbegehren zu unterschreiben oder \u00fcber Umweltschutz bzw. den Erhalt und Schutz der Honigbiene zu sprechen. Ich wollte mehr machen und aktiv werden, habe mich im Fr\u00fchjahr 2019 zum Imkerkurs angemeldet und mittlerweile (Stand Mai 2019) mein erstes Volk vom Imker bekommen. Die Biene bzw. der Bien als Superorganismus fasziniert mich sehr. Ich k\u00f6nnte den Tierchen dauernd zusehen und verbringe viel Zeit vor der Beute um zu beobachten. Zudem halte ich es f\u00fcr wichtig, auch meinen Kindern (und auch Nachbarn, Freunden, Kollegen) Wissen \u00fcber die Bienen vermitteln zu k\u00f6nnen. Mein zweites Volk war ein selbst gefangener Naturschwarm. Naturschw\u00e4rme beeindrucken mich nach wie vor sehr und der Schwarmfang ist ein \u00e4u\u00dferst spannendes Thema.<\/li><li>Im Zuge des Imkerns und dem Wunsch, meine Kreativit\u00e4t auszuleben, habe ich mir \u00fcberlegt, welches Logo ich gerne auf meinem Honigglas auf dem Fr\u00fchst\u00fcckstisch sehen w\u00fcrde. Dies wurde durch eine Sri Lankerin grafisch umgesetzt, wobei hier die Vorgaben vor allem mit der bayerischen Tradition und Kleidung etwas schwierig waren. Vor allem auf Englisch. Das Endergebnis hat mir dann aber so gut gefallen, dass ich daraus gleich noch ein T-Shirt gestaltet habe. Und dies hat wiederum dazu gef\u00fchrt, gleich einen Merchandise Shop einzurichten, um auch anderen zu erm\u00f6glichen, ihre Einstellung zur bayerischen Heimat oder dem Bienenschutz zu zeigen.<\/li><li>das Logo und der Claim sollten unterschiedliche Dinge vereinen, z.B. Heimat- sowie Umweltverbundenheit, Bienen, Tradition, Stolz, Flei\u00df, Entschlossenheit, Kraft und. Gesundheit, Abenteuerlust und eine Prise Humor. Dabei ist dann das Logo und der Claim \u201ebee bavarian\u201c entstanden.<\/li><\/ul>\n","protected":false},"excerpt":{"rendered":"<p>oder wie alles begann: Begonnen hat alles damit, dass es mir im Fr\u00fchjahr 2019 nicht gen\u00fcgt hat, bei Volksbegehren zu unterschreiben oder \u00fcber Umweltschutz bzw. den Erhalt und Schutz der Honigbiene zu sprechen. Ich wollte mehr machen und aktiv werden, habe mich im Fr\u00fchjahr 2019 zum Imkerkurs angemeldet und mittlerweile (Stand Mai 2019) mein erstes [&hellip;]<\/p>\n","protected":false},"author":1,"featured_media":0,"parent":0,"menu_order":0,"comment_status":"closed","ping_status":"closed","template":"","meta":[],"_links":{"self":[{"href":"https:\/\/bee-bavarian.de\/index.php?rest_route=\/wp\/v2\/pages\/12"}],"collection":[{"href":"https:\/\/bee-bavarian.de\/index.php?rest_route=\/wp\/v2\/pages"}],"about":[{"href":"https:\/\/bee-bavarian.de\/index.php?rest_route=\/wp\/v2\/types\/page"}],"author":[{"embeddable":true,"href":"https:\/\/bee-bavarian.de\/index.php?rest_route=\/wp\/v2\/users\/1"}],"replies":[{"embeddable":true,"href":"https:\/\/bee-bavarian.de\/index.php?rest_route=%2Fwp%2Fv2%2Fcomments&post=12"}],"version-history":[{"count":5,"href":"https:\/\/bee-bavarian.de\/index.php?rest_route=\/wp\/v2\/pages\/12\/revisions"}],"predecessor-version":[{"id":54,"href":"https:\/\/bee-bavarian.de\/index.php?rest_route=\/wp\/v2\/pages\/12\/revisions\/54"}],"wp:attachment":[{"href":"https:\/\/bee-bavarian.de\/index.php?rest_route=%2Fwp%2Fv2%2Fmedia&parent=12"}],"curies":[{"name":"wp","href":"https:\/\/api.w.org\/{rel}","templated":true}]}}

über mich

<p>oder wie alles begann:</p>



<ul><li>Begonnen hat alles damit, dass es mir im Frühjahr 2019 nicht genügt hat, bei Volksbegehren zu unterschreiben oder über Umweltschutz bzw. den Erhalt und Schutz der Honigbiene zu sprechen. Ich wollte mehr machen und aktiv werden, habe mich im Frühjahr 2019 zum Imkerkurs angemeldet und mittlerweile (Stand Mai 2019) mein erstes Volk vom Imker bekommen. Die Biene bzw. der Bien als Superorganismus fasziniert mich sehr. Ich könnte den Tierchen dauernd zusehen und verbringe viel Zeit vor der Beute um zu beobachten. Zudem halte ich es für wichtig, auch meinen Kindern (und auch Nachbarn, Freunden, Kollegen) Wissen über die Bienen vermitteln zu können. Mein zweites Volk war ein selbst gefangener Naturschwarm. Naturschwärme beeindrucken mich nach wie vor sehr und der Schwarmfang ist ein äußerst spannendes Thema.</li><li>Im Zuge des Imkerns und dem Wunsch, meine Kreativität auszuleben, habe ich mir überlegt, welches Logo ich gerne auf meinem Honigglas auf dem Frühstückstisch sehen würde. Dies wurde durch eine Sri Lankerin grafisch umgesetzt, wobei hier die Vorgaben vor allem mit der bayerischen Tradition und Kleidung etwas schwierig waren. Vor allem auf Englisch. Das Endergebnis hat mir dann aber so gut gefallen, dass ich daraus gleich noch ein T-Shirt gestaltet habe. Und dies hat wiederum dazu geführt, gleich einen Merchandise Shop einzurichten, um auch anderen zu ermöglichen, ihre Einstellung zur bayerischen Heimat oder dem Bienenschutz zu zeigen.</li><li>das Logo und der Claim sollten unterschiedliche Dinge vereinen, z.B. Heimat- sowie Umweltverbundenheit, Bienen, Tradition, Stolz, Fleiß, Entschlossenheit, Kraft und. Gesundheit, Abenteuerlust und eine Prise Humor. Dabei ist dann das Logo und der Claim „bee bavarian“ entstanden.</li></ul>

<p>oder wie alles begann: Begonnen hat alles damit, dass es mir im Frühjahr 2019 nicht genügt hat, bei Volksbegehren zu unterschreiben oder über Umweltschutz bzw. den Erhalt und Schutz der Honigbiene zu sprechen. Ich wollte mehr machen und aktiv werden, habe mich im Frühjahr 2019 zum Imkerkurs angemeldet und mittlerweile (Stand Mai 2019) mein erstes [&hellip;]</p>
